5*s. Give d(i).
-6
Let c(p) = -7*p. Let j be c(1). Let z(m) = 9097*m**2 - m - 3 - 6*m - 9091*m**2 + m**3. Give z(j).
-3
Let p(s) = s - 3 - 19*s**3 + s**2 - 1 + 3 + 18*s**3. Give p(-2).
9
Let n = -16 + 19. Suppose -5*w = g + 6, -n*g - 5*w + 3 = 11. Let t(b) = -b. What is t(g)?
1
Let o(g) = -2*g - g + 3 + 4*g - 3*g + g. Determine o(4).
-1
Let s(d) be the second derivative of d**3/6 + 13*d**2/2 + 7*d + 3. Calculate s(-7).
6
Let y(x) = -x**3 - 6*x**2 - x + 7. Let k = 258 - 264. What is y(k)?
13
Let z(p) be the third derivative of 0*p**3 + 0 + 1/60*p**5 + 0*p + 4*p**2 + 5/24*p**4 - 1/720*p**6. Let k(o) be the second derivative of z(o). What is k(5)?
-3
Let b(w) = -w**3 + 9*w**2 + 22*w + 2. Let h be b(11). Let y be -14 + 2 - -1*(1 + h). Let k(l) = l**3 + 10*l**2 + 9*l - 9. What is k(y)?
-9
Let g = 42 - 42. Let u(d) = -2*d - 3. Let s be u(-4). Suppose g*q = -s*q. Let r(i) = -i**3 - i + 11. Give r(q).
11
Let n(k) = k**3 + 7*k**2 + 2*k - 8. Suppose 2*a - 4*f + 98 = -196, -f = -2. Let c be (-22)/a - (-80)/(-13). Determine n(c).
16
Let y(r) be the third derivative of 0 + 0*r - 1/12*r**4 + 3/20*r**5 + r**2 + 1/6*r**3. Let a be (-8)/40 + (-24)/(-20). What is y(a)?
8
Let v(r) = 3*r + 43. Suppose 4*h = -5*f - 76, -44*f + 4*h = -39*f + 84. What is v(f)?
-5
Let b(c) = c**3 + 5*c**2 - 4*c. Let f(g) = 16*g**2 - 46*g - 26. Let v(x) = -3*x**2 + 9*x + 5. Let q(l) = -4*f(l) - 22*v(l). Let h be q(7). Determine b(h).
-12
Let i(j) = -2*j + 5. Let u = -10 - -12. Suppose -u*b - 5*m + 25 = 0, -12 = 4*m - 0*m. Suppose -b = -3*c - 8. Give i(c).
-3
Let t(u) = -5*u - 7. Let v(g) = 7*g + 8. Let l(j) = 3*t(j) + 2*v(j). Calculate l(-5).
0
Suppose 3*p - 6 = -9. Let x(u) = -u - 3. Let n be x(-4). Let k(c) = c - 2 + 9*c - n + 2. Calculate k(p).
-11
Let x(f) be the third derivative of -f**5/60 - f**4/8 - 2*f**3/3 + f**2 - 60*f. Determine x(-5).
-14
Let u(b) = b**2 - 5*b + 2. Let f be u(4). Let c be (-2*1 - f)/1. Let a(w) = 7*w**2 - 8*w**2 + 2 + 9. Determine a(c).
11
Let w = 1029 + -1027. Let z(t) = -t + 4. Give z(w).
2
Let p(n) = 7*n. Let t be 1/(-6) + 7/6. Suppose w = -t - 13. Let o = 15 + w. What is p(o)?
7
Suppose o + 4 = 3*o. Let w(p) = 8*p**3 - o*p**3 - 3*p**3 - 19 - 2*p**3. Determine w(0).
-19
Let f(v) = -v - 2. Let w(x) = -8*x + 2. Let p(r) = 4*f(r) - w(r). Calculate p(4).
6
Let p(c) be the second derivative of c**5/20 - 5*c**4/12 + 5*c**3/6 + c**2/2 + 2*c. Let a(z) = z - 25. Let q be a(7). Let w = q - -22. Give p(w).
5
Suppose -f - 4*f - 5 = 0. Let g(d) be the third derivative of d**5/20 - 27*d**2. Determine g(f).
3
Let t be 20/6 + (-6)/18. Let h(d) = 11 - 8*d + 2*d - 7*d**2 + t*d**2 + 3*d**2. What is h(-8)?
-5
Let h(b) = 8*b**3 - 30*b**2 + 11*b - 43. Let g(x) = 3*x**3 - 11*x**2 + 4*x - 14. Let u(j) = -11*g(j) + 4*h(j). Let c = -7 + 7. Give u(c).
-18
Let g(i) be the first derivative of i**4/8 - i**3/3 - 6*i**2 + 1. Let l(c) be the second derivative of g(c). Determine l(-5).
-17
Let t(y) = 3*y**3 + y**2 + 3*y + 20. Suppose -2*k + 2 = -k. Let z(h) = -4*h**3 - h**2 - 4*h - 21. Let i(u) = k*z(u) + 3*t(u). Determine i(0).
18
Suppose 12*p = -4 + 40. Let a(t) = t**3 - 5*t**2 + 5. Let o be a(5). Let v(j) = -2*j**2 + o*j**2 - 4*j**2. Give v(p).
-9
Let f(r) = 7*r**2 - 3*r + 2. Let j be f(1). Suppose -j*z = z - 42. Let k(y) be the first derivative of -y**2/2 + 13*y + 1. Give k(z).
7
Let x(q) = -5*q**2 + q. Let h = -14 + 5. Let w be (-6)/(-27) - 43/h. Suppose -4*j = -w*j + 1. What is x(j)?
-4
Suppose 0*r + r - 3*g - 6 = 0, 5*r + 2*g + 4 = 0. Let s(v) = -v - 2 + r*v - 2*v + v**2. Give s(2).
-4
Let r(k) = -k**3 - 8*k**2 - 5*k - 7. Let l(a) = 2*a + 13. Let y be l(-10). Determine r(y).
-21
Let i(o) = 2*o**2 + 18*o + 46. Let l(b) = -b**2 - 9*b - 24. Let n(w) = 5*i(w) + 9*l(w). What is n(-5)?
-6
Let s(o) = -o + 1. Let v(y) = -6*y + 7. Let h(i) = -39*s(i) + 6*v(i). Suppose -9*j - 29 = -5*f - 5*j, -5*f - 3*j + 22 = 0. What is h(f)?
18
Let o(w) = w**3 + 3*w**2 - 4*w + 3. Let z(q) = q**3 - 5*q**2 - 49*q + 207. Let c be z(4). Calculate o(c).
-27
Let o(i) = -i + 3. Let c = -55 - -287. Let t be (c/(-6))/(14/(-21)). Let m be t/18 - 4/18. Calculate o(m).
0
Suppose 4*y + 0*y = -12. Suppose 5*d + c + 10 = 0, -5*d + 0*c = -4*c + 10. Let m be ((-18)/y)/d*-2. Let s(i) = i**2 - 5*i - 8. Determine s(m).
-2
Let u(i) = i**3 + 39*i - 7*i - 27*i + 2 - 6*i**2. Let z = 27 + -7. Suppose -s = 3*s - z. Determine u(s).
2
Let x be (-3)/((-18)/28) - (-11 + 280/24). Let y(r) = -5 - 2*r**2 + r + 4*r + 2. Give y(x).
-15
Suppose 2*u = 3*u - 5*d + 3, 0 = 2*u - 2*d - 2. Let w(l) be the first derivative of l**2 - l**2 + l - 2*l**u + 1. Give w(-1).
5
Suppose -48*f = -40*f + 8. Let s(r) = 33*r**2 - r - 1. Determine s(f).
33
Let v = 1 + 5. Let b be (-4)/12 + 14/v. Let l(t) = 13*t**3 - 7*t**3 - 4*t**3 + t - t**b. Give l(2).
14
Let q(u) = -4*u. Let f(x) = -7. Let k(j) = -8. Let a(z) = 7*f(z) - 6*k(z). Let l(t) = a(t) - q(t). What is l(3)?
11
Let u(m) be the third derivative of -m**6/120 - m**5/15 + m**4/24 + 2*m**3/3 + 2*m**2 + 125*m. Let q = 0 + -3. What is u(q)?
-8
Let u(r) be the third derivative of 0*r - 44*r**2 + 17/6*r**3 + 1/60*r**5 + 0 + 7/12*r**4. Give u(-13).
4
Let j(a) be the third derivative of a**4/24 + 32*a**3/3 - 15*a**2 - 15*a. Determine j(0).
64
Let r(m) = 2*m + 3*m**2 + 32 - 17*m**2 - m**3 + 3*m**2 + 9*m**2 - 9. Give r(0).
23
Let q(w) = 11*w**3 + 2*w**2 + w. Let y = 121 + -122. Calculate q(y).
-10
Let o(m) be the first derivative of m**2/2 + 11*m + 791. What is o(9)?
20
Let o(d) be the third derivative of -d**5/30 - 5*d**4/24 + d**3/6 + 23*d**2. What is o(-4)?
-11
Let n(t) = -t + 1. Let k = 26 + -26. Let j = -22 + k. Let c = 27 + j. Determine n(c).
-4
Let o(j) be the second derivative of j**4/12 + j**3/2 - 5*j**2/2 - j. Suppose 2*h + 8*v - 12*v = -16, -3*h + 4*v = 20. Calculate o(h).
-1
Let q be (-5 + 0)/(2/(-2)). Let k(i) be the third derivative of -1/60*i**5 + 0 + 16*i**2 + 0*i + 7/24*i**4 - 1/3*i**3. Calculate k(q).
8
Let j(n) = n**2 + 7*n + 10. Let y be 3*(49/21 - 5). Calculate j(y).
18
Let r(d) = 28*d**2 - 3*d - 1. Let n(c) = -55*c**2 + 5*c + 2. Let w(v) = -3*n(v) - 5*r(v). Determine w(1).
24
Let w(l) = -l + 9. Let c be w(7). Let k(j) = c*j - 16 - 13 - 23 + 50. Give k(5).
8
Let v = 945 - 952. Let a(u) = 5*u + 32. Calculate a(v).
-3
Let p(o) = -o + 1. Let g(t) = 2*t**2 - 3. Let l(u) be the third derivative of 5*u**4/24 - u**3/2 + 12*u**2. Let k be l(1). Let b be g(k). Calculate p(b).
-4
Let l(p) = -p**2 + p + 2. Let h be (1 - 3) + 6/3. Suppose -c - 2 + 8 = h. Suppose -f + c*f = 15. Give l(f).
-4
Let t(o) = -o + 6. Let p(l) = 3*l**2 - 14*l + 4. Let a be p(5). Suppose 14 = 2*u - 4*c, -2*u + 3*u = 4*c + a. Determine t(u).
1
Suppose 0 = g + 2 - 8. Let u = -3 - -5. Let s be g*((-10)/(-4) - u). Let a(i) = i**3 - 3*i**2 + 4*i - 4. Give a(s).
8
Let c(j) = j - 2. Let x(f) = -4*f + 17. Let g(s) = 4*c(s) - x(s). What is g(5)?
15
Let c(v) = -v + 5. Let u be c(2). Suppose 5*h = 4*z + 7, h - 6*h - 14 = u*z. Let i(l) = -l - 1. Give i(h).
0
Let g(i) be the second derivative of -i**4/12 + 2*i**3/3 + 29*i**2/2 - 6*i + 37. Give g(-4).
-3
Let i(s) = -s**2 + s + 4. Let d(y) = 6*y - 11. Let h be d(2). Suppose 0 = z + h, l + 2*l = z + 10. Give i(l).
-2
Let b(g) be the third derivative of -g**4/12 - g**2. Suppose -39 = 3*r - 12. Let x(q) = -q**2 - 9*q - 2. Let j be x(r). Calculate b(j).
4
Let h = -123 - -123. Let m(o) = o**2 - 2*o + 4. Let s(j) = -5*j**2 + 11*j - 19. Let r(k) = -11*m(k) - 2*s(k). Calculate r(h).
-6
Suppose -4*u + 30 = 22. Suppose 3*c + 3 = -4*p, u*c = -4*p - 1 + 3. Let r(j) = -6. Let z(d) = d - 11. Let w(s) = 5*r(s) - 3*z(s). Determine w(p).
-6
Let a(d) = 4*d**3 + 6*d**2 + 13*d - 15. Let m(s) = 3*s**3 + 6*s**2 + 12*s - 12. Let x(n) = 4*a(n) - 5*m(n). Give x(7).
-7
Suppose -5*j + 5*t = 0, -5*j = -34*t + 30*t. Let d = -5 - -7. Suppose 0 = -d*w + 8, j = 5*k + 5*w - 0*w - 45. Let i(f) = 2*f. Give i(k).
10
Let f(v) = 2*v - 4. Suppose 0 = z - 4 - 0. Suppose 4*q = -3*s + 15, q - 18 = -z*q - 3*s. Determine f(q).
2
Let f(r) = -r**3 - 6*r**2 - 6*r. Let o be (-16)/(-20)*5/2 + 14. Let i = o - 20. Give f(i).
-8
Let d(w) = -w**2 + w + 13. Let a(k) = -3*k**2 + k + 31. Let i(v) = 2*a(v) - 5*d(v). Calculate i(-5).
-13
Let o(t) = -3*t - 3. Let a(j) = -3 + j**2 - 2 - 18*j + 2*j - 5. Let n be a(17). Suppose -m = 5*h + 15, -4*h + n 